69?
33
Calculate the remainder when 170 is divided by 6.
2
What is the remainder when 1978 is divided by 36?
34
Calculate the remainder when 61 is divided by 58.
3
Calculate the remainder when 317 is divided by 62.
7
What is the remainder when 287 is divided by 16?
15
Calculate the remainder when 38 is divided by 13.
12
What is the remainder when 182 is divided by 21?
14
Calculate the remainder when 14 is divided by 2.
0
What is the remainder when 3291 is divided by 43?
23
What is the remainder when 51 is divided by 41?
10
What is the remainder when 1447 is divided by 22?
17
Calculate the remainder when 971 is divided by 139.
137
What is the remainder when 569 is divided by 73?
58
Calculate the remainder when 864 is divided by 13.
6
Calculate the remainder when 1225 is divided by 49.
0
What is the remainder when 374 is divided by 46?
6
Calculate the remainder when 28593 is divided by 493.
492
Calculate the remainder when 159 is divided by 11.
5
Calculate the remainder when 43 is divided by 5.
3
What is the remainder when 792 is divided by 14?
8
Calculate the remainder when 197 is divided by 47.
9
What is the remainder when 308 is divided by 110?
88
Calculate the remainder when 173 is divided by 96.
77
Calculate the remainder when 51 is divided by 18.
15
What is the remainder when 932 is divided by 297?
41
Calculate the remainder when 321 is divided by 25.
21
Calculate the remainder when 17 is divided by 5.
2
What is the remainder when 5318 is divided by 95?
93
What is the remainder when 2145 is divided by 26?
13
What is the remainder when 1104 is divided by 58?
2
What is the remainder when 562 is divided by 556?
6
Calculate the remainder when 781 is divided by 152.
21
Calculate the remainder when 238 is divided by 81.
76
Calculate the remainder when 268 is divided by 124.
20
Calculate the remainder when 195 is divided by 183.
12
What is the remainder when 2975 is divided by 48?
47
What is the remainder when 686 is divided by 16?
14
Calculate the remainder when 511 is divided by 183.
145
Calculate the remainder when 45 is divided by 11.
1
What is the remainder when 973 is divided by 163?
158
What is the remainder when 5223 is divided by 1735?
18
Calculate the remainder when 18139 is divided by 193.
190
Calculate the remainder when 185 is divided by 123.
62
What is the remainder when 1125 is divided by 161?
159
What is the remainder when 2375 is divided by 66?
65
Calculate the remainder when 97 is divided by 71.
26
Calculate the remainder when 4177 is divided by 595.
12
Calculate the remainder when 1646 is divided by 92.
82
Calculate the remainder when 703 is divided by 19.
0
What is the remainder when 2024 is divided by 39?
35
What is the remainder when 1102 is divided by 275?
2
Calculate the remainder when 797 is divided by 32.
29
Calculate the remainder when 8643 is divided by 19.
17
Calculate the remainder when 1300 is divided by 28.
12
What is the remainder when 696 is divided by 35?
31
Calculate the remainder when 1243 is divided by 14.
11
What is the remainder when 1526 is divided by 11?
8
What is the remainder when 79 is divided by 30?
19
What is the remainder when 344 is divided by 47?
15
What is the remainder when 320 is divided by 62?
10
Calculate the remainder when 38 is divided by 32.
6
Calculate the remainder when 114 is divided by 20.
14
Calculate the remainder when 49 is divided by 13.
10
What is the remainder when 1500 is divided by 19?
18
What is the remainder when 4208 is divided by 114?
104
Calculate the remainder when 101 is divided by 16.
5
Calculate the remainder when 243 is divided by 38.
15
Calculate the remainder when 221 is divided by 47.
33
Calculate the remainder when 270 is divided by 261.
9
What is the remainder when 395 is divided by 192?
11
What is the remainder when 661 is divided by 20?
1
Calculate the remainder when 160 is divided by 43.
31
Calculate the remainder when 9003 is divided by 237.
234
Calculate the remainder when 23 is divided by 18.
5
What is the remainder when 99 is divided by 14?
1
Calculate the remainder when 1271 is divided by 128.
119
What is the remainder when 86 is divided by 8?
6
What is the remainder when 297 is divided by 66?
33
Calculate the remainder when 1021 is divided by 41.
37
Calculate the remainder when 199 is divided by 114.
85
Calculate the remainder when 11 is divided by 3.
2
Calculate the remainder when 201 is divided by 41.
37
Calculate the remainder when 245 is divided by 138.
107
Calculate the remainder when 197 is divided by 102.
95
Calculate the remainder when 4787 is divided by 14.
13
What is the remainder when 222 is divided by 56?
54
What is the remainder when 415 is divided by 82?
5
Calculate the remainder when 167 is divided by 53.
8
Calculate the remainder when 2002 is divided by 17.
13
Calculate the remainder when 1012 is divided by 39.
37
What is the remainder when 73 is divided by 16?
9
Calculate the remainder when 12 is divided by 10.
2
Calculate the remainder when 4093 is divided by 17.
13
Calculate the remainder when 140 is divided by 7.
0
Calculate the remainder when 1108 is divided by 4.
0
Calculate the remainder when 2111 is divided by 11.
10
What is the remainder when 2161 is divided by 46?
45
What is the remainder when 2089 is divided by 51?
49
What is the remainder when 2816 is divided by 188?
184
What is the remainder when 1295 is divided by 161?
7
Calculate the remainder when 165 is divided by 161.
4
What is the remainder when 146 is divided by 40?
26
What is the remainder when 1751 is divided by 176?
167
Calculate the remainder when 467 is divided by 10.
7
Calculate the remainder when 1866 is divided by 17.
13
What is the remainder when 5151 is divided by 46?
45
Calculate the remainder when 564 is divided by 7.
4
What is the remainder when 72 is divided by 64?
8
Calculate the remainder when 117 is divided by 69.
48
Calculate the remainder when 19301 is divided by 199.
197
What is the remainder when 595 is divided by 67?
59
Calculate the remainder when 248 is divided by 42.
38
What is the remainder when 6513 is divided by 1302?
3
What is the remainder when 1709 is divided by 106?
13
Calculate the remainder when 718 is divided by 38.
34
Calculate the remainder when 671 is divided by 87.
62
What is the remainder when 2176 is divided by 6?
4
What is the remainder when 498 is divided by 95?
23
What is the remainder when 2536 is divided by 9?
7
What is the remainder when 350 is divided by 100?
50
Calculate the remainder when 2394 is divided by 218.
214
Calculate the remainder when 15453 is divided by 23.
20
What is the remainder when 67 is divided by 12?
7
Calculate the remainder when 649 is divided by 50.
49
Calculate the remainder when 896 is divided by 41.
35
Calculate the remainder when 3091 is divided by 14.
11
Calculate the remainder when 74 is divided by 26.
22
What is the remainder when 112 is divided by 31?
19
What is the remainder when 2014 is divided by 24?
22
What is the remainder when 262 is divided by 12?
10
What is the remainder when 735 is divided by 92?
91
What is the remainder when 284 is divided by 32?
28
What is the remainder when 58 is divided by 10?
8
What is the remainder when 179 is divided by 3?
2
Calculate the remainder when 1759 is divided by 42.
37
Calculate the remainder when 5137 is divided by 42.
13
What is the remainder when 394 is divided by 31?
22
What is the remainder when 235 is divided by 34?
31
What is the remainder when 232 is divided by 30?
22
Calculate the remainder when 1207 is divided by 310.
277
Calculate the remainder when 594 is divided by 17.
16
Calculate the remainder when 173 is divided by 85.
3
Calculate the remainder when 124 is divided by 43.
38
Calculate the remainder when 216 is divided by 134.
82
What is the remainder when 298 is divided by 60?
58
What is the remainder when 1674 is divided by 43?
40
Calculate the remainder when 457 is divided by 29.
22
Calculate the remainder when 3246 is divided by 55.
1
What is the remainder when 1518 is divided by 758?
2
Calculate the remainder when 272 is divided by 16.
0
What is the remainder when 70 is divided by 26?
18
What is the remainder when 568 is divided by 76?
36
Calculate the remainder when 30407 is divided by 5.
2
What is the remainder when 5907 is